{"id":9,"date":"2017-03-10T19:30:50","date_gmt":"2017-03-10T18:30:50","guid":{"rendered":"http:\/\/fort-mahon-plage-collections.com\/?page_id=9"},"modified":"2018-12-01T17:43:39","modified_gmt":"2018-12-01T16:43:39","slug":"contact","status":"publish","type":"page","link":"https:\/\/fort-mahon-plage-collections.com\/index.php\/contact\/","title":{"rendered":"Contact"},"content":{"rendered":"<p><strong>&nbsp;<span style=\"color: #00ccff;\"><em>N&rsquo;h\u00e9sitez pas \u00e0 remplir ce formulaire et \u00e0 nous l&rsquo;envoyer !..&nbsp; A tr\u00e8s bient\u00f4t !..<\/em><\/span><\/strong><\/p>\n<div role=\"form\" class=\"wpcf7\" id=\"wpcf7-f423-o1\" lang=\"fr-FR\" dir=\"ltr\">\n<div class=\"screen-reader-response\"><p role=\"status\" aria-live=\"polite\" aria-atomic=\"true\"><\/p> <ul><\/ul><\/div>\n<form action=\"\/index.php\/wp-json\/wp\/v2\/pages\/9#wpcf7-f423-o1\" method=\"post\" class=\"wpcf7-form init\" novalidate=\"novalidate\" data-status=\"init\">\n<div style=\"display: none;\">\n<input type=\"hidden\" name=\"_wpcf7\" value=\"423\" \/>\n<input type=\"hidden\" name=\"_wpcf7_version\" value=\"5.5.6.1\" \/>\n<input type=\"hidden\" name=\"_wpcf7_locale\" value=\"fr_FR\" \/>\n<input type=\"hidden\" name=\"_wpcf7_unit_tag\" value=\"wpcf7-f423-o1\" \/>\n<input type=\"hidden\" name=\"_wpcf7_container_post\" value=\"0\" \/>\n<input type=\"hidden\" name=\"_wpcf7_posted_data_hash\" value=\"\" \/>\n<\/div>\n<p><label> Votre nom (obligatoire)<br \/>\n    <span class=\"wpcf7-form-control-wrap your-name\"><input type=\"text\" name=\"your-name\" value=\"\" size=\"40\" class=\"wpcf7-form-control wpcf7-text wpcf7-validates-as-required\" aria-required=\"true\" aria-invalid=\"false\" \/><\/span> <\/label><\/p>\n<p><label> Votre e-mail (obligatoire)<br \/>\n    <span class=\"wpcf7-form-control-wrap your-email\"><input type=\"email\" name=\"your-email\" value=\"\" size=\"40\" class=\"wpcf7-form-control wpcf7-text wpcf7-email wpcf7-validates-as-required wpcf7-validates-as-email\" aria-required=\"true\" aria-invalid=\"false\" \/><\/span> <\/label><\/p>\n<p><label> Votre num\u00e9ro de t\u00e9l\u00e9phone (obligatoire)<br \/>\n     <\/label><\/p>\n<p><label> Sujet<br \/>\n    <span class=\"wpcf7-form-control-wrap your-subject\"><input type=\"text\" name=\"your-subject\" value=\"\" size=\"40\" class=\"wpcf7-form-control wpcf7-text\" aria-invalid=\"false\" \/><\/span> <\/label><\/p>\n<p><label> Votre message<br \/>\n    <span class=\"wpcf7-form-control-wrap your-message\"><textarea name=\"your-message\" cols=\"40\" rows=\"10\" class=\"wpcf7-form-control wpcf7-textarea\" aria-invalid=\"false\"><\/textarea><\/span> <\/label><\/p>\n<p><input type=\"submit\" value=\"Envoyer\" class=\"wpcf7-form-control has-spinner wpcf7-submit\" \/><\/p>\n<p style=\"display: none !important;\"><label>&#916;<textarea name=\"_wpcf7_ak_hp_textarea\" cols=\"45\" rows=\"8\" maxlength=\"100\"><\/textarea><\/label><input type=\"hidden\" id=\"ak_js_1\" name=\"_wpcf7_ak_js\" value=\"67\"\/><script>document.getElementById( \"ak_js_1\" ).setAttribute( \"value\", ( new Date() ).getTime() );<\/script><\/p><div class=\"wpcf7-response-output\" aria-hidden=\"true\"><\/div><\/form><\/div>\n","protected":false},"excerpt":{"rendered":"<p>&nbsp;N&rsquo;h\u00e9sitez pas \u00e0 remplir ce formulaire et \u00e0 nous l&rsquo;envoyer !..&nbsp; A tr\u00e8s bient\u00f4t !..<\/p>\n","protected":false},"author":1,"featured_media":0,"parent":0,"menu_order":5,"comment_status":"closed","ping_status":"closed","template":"","meta":{"ngg_post_thumbnail":0,"spay_email":"","footnotes":""},"jetpack_sharing_enabled":true,"jetpack_shortlink":"https:\/\/wp.me\/P92IHw-9","jetpack-related-posts":[{"id":1024,"url":"https:\/\/fort-mahon-plage-collections.com\/index.php\/acceui-2\/","url_meta":{"origin":9,"position":0},"title":"L&rsquo; association","date":"28 mars 2020","format":false,"excerpt":"\u00a0 L' association rassemble des collectionneurs, quel que soit le th\u00e8me de leur collection, tel que :\u00a0 les d\u00e8s \u00e0 coudre, les cartes postales, les briquets de poilu, les revues, les insignes de Transmission, les muselets\u2026\u00a0 L\u2019association a pour but de : Favoriser les rencontres entre collectionneurs.Leur permettre de r\u00e9aliser\u2026","rel":"","context":"Article similaire","img":{"alt_text":"","src":"https:\/\/i0.wp.com\/fort-mahon-plage-collections.com\/wp-content\/uploads\/2020\/03\/Image-pr\u00e9sentation-association-3.jpg?resize=350%2C200&ssl=1","width":350,"height":200},"classes":[]},{"id":1323,"url":"https:\/\/fort-mahon-plage-collections.com\/index.php\/les-collections\/les-dauphins-et-les-des-a-coudre\/","url_meta":{"origin":9,"position":1},"title":"Les D\u00e9s \u00e0 coudre&#8230;","date":"29 avril 2020","format":false,"excerpt":"Le d\u00e9 \u00e0 coudre, outil de couture de forme cylindrique, qui prot\u00e8ge le doigt lors de la pouss\u00e9e de l\u2019aiguille dans un tissu, peut \u00eatre de mati\u00e8re tr\u00e8s vari\u00e9e : m\u00e9talliques (bronze, argent, or, cuivre, laiton), en porcelaine, en bak\u00e9lite, en ivoire, etc\u2026 Il est apparu 5 000 ans avant\u2026","rel":"","context":"Article similaire","img":{"alt_text":"","src":"https:\/\/i0.wp.com\/fort-mahon-plage-collections.com\/wp-content\/uploads\/2020\/04\/20200413_180227-scaled.jpg?resize=350%2C200&ssl=1","width":350,"height":200},"classes":[]},{"id":182,"url":"https:\/\/fort-mahon-plage-collections.com\/index.php\/les-collections\/les-medailles\/","url_meta":{"origin":9,"position":2},"title":"Les M\u00e9dailles de Fort-Mahon-Plage","date":"13 avril 2017","format":false,"excerpt":"\u00a0Depuis des d\u00e9cennies, Fort-Mahon-Plage, ville tr\u00e8s touristique, a vu de nombreux cadeaux souvenirs se r\u00e9aliser. Les M\u00e9dailles, objets plus r\u00e9cents,\u00a0 en font partie et voici quelques mod\u00e8les \u00e0 l'effigie de Fort-Mahon-Plage . Dans les m\u00e9dailles touristiques, elles sont souvent de couleur '' or '' et mesurent 34mm de diam\u00e8tre. En\u2026","rel":"","context":"Article similaire","img":{"alt_text":"","src":"https:\/\/i0.wp.com\/fort-mahon-plage-collections.com\/wp-content\/uploads\/2020\/06\/20200529_130525-scaled.jpg?resize=350%2C200&ssl=1","width":350,"height":200},"classes":[]},{"id":953,"url":"https:\/\/fort-mahon-plage-collections.com\/index.php\/les-collections\/les-briquets-de-poilus-1914-1918\/","url_meta":{"origin":9,"position":3},"title":"Les briquets de Poilus   ( 1914 &#8211; 1918 ), tabati\u00e8re&#8230;","date":"27 mars 2020","format":false,"excerpt":"\u00a0\u00a0\u00a0\u00a0\u00a0\u00a0\u00a0\u00a0\u00a0 \u00a0En fait l\u2019histoire avait commenc\u00e9 pendant la guerre de 1870, mais est devenue tr\u00e8s populaire pendant la WW1. En effet le confinement et l\u2019attente dans les tranch\u00e9es laissaient beaucoup de temps vacant. Et les allumettes dans la gadoue, ce n\u2019\u00e9tait vraiment pas pratique. Ils ont donc \u00e9t\u00e9 fabriqu\u00e9s d\u2019abord\u2026","rel":"","context":"Article similaire","img":{"alt_text":"","src":"https:\/\/i0.wp.com\/fort-mahon-plage-collections.com\/wp-content\/uploads\/2020\/04\/Taxe-sur-un-briquet-modifi\u00e9e-3.jpg?resize=350%2C200&ssl=1","width":350,"height":200},"classes":[]},{"id":105,"url":"https:\/\/fort-mahon-plage-collections.com\/index.php\/les-collections\/ma-page\/","url_meta":{"origin":9,"position":4},"title":"Les D\u00e9s \u00e0 coudre de Fort-Mahon-Plage","date":"8 avril 2017","format":false,"excerpt":"\u00a0Depuis des d\u00e9cennies, Fort-Mahon-Plage, ville tr\u00e8s touristique, a vu de nombreux cadeaux souvenirs se r\u00e9aliser. Voici les D\u00e9s \u00e0 coudre de Fort-Mahon-Plage que nous avons recens\u00e9s \u00e0 ce jour : \u00a0 \u00a0\u00a0\u00a0\u00a0\u00a0\u00a0\u00a0\u00a0\u00a0 \u00a0\u00a0\u00a0\u00a0\u00a0\u00a0\u00a0\u00a0\u00a0 \u00a0\u00a0\u00a0\u00a0\u00a0\u00a0\u00a0\u00a0\u00a0 \u00a0\u00a0\u00a0\u00a0\u00a0\u00a0\u00a0\u00a0\u00a0 \u00a0\u00a0\u00a0\u00a0\u00a0\u00a0\u00a0\u00a0\u00a0 \u00a0\u00a0\u00a0\u00a0\u00a0\u00a0\u00a0\u00a0\u00a0 \u00a0\u00a0\u00a0\u00a0\u00a0\u00a0\u00a0\u00a0\u00a0 \u00a0\u00a0\u00a0\u00a0\u00a0\u00a0\u00a0\u00a0\u00a0 \u00a0\u00a0\u00a0\u00a0\u00a0\u00a0\u00a0\u00a0\u00a0 \u00a0\u00a0\u00a0\u00a0\u00a0\u00a0\u00a0\u00a0\u00a0 \u00a0\u00a0\u00a0\u00a0\u00a0\u00a0\u00a0\u00a0\u00a0 \u00a0\u00a0\u00a0\u00a0\u00a0\u00a0\u00a0\u00a0\u00a0 \u00a0\u00a0\u00a0\u00a0\u00a0\u00a0\u00a0\u00a0\u00a0 \u00a0 \u00a0\u00a0\u00a0 \u00a0\u00a0\u00a0 \u00a0\u00a0\u00a0 \u00a0 \u00a0\u2026","rel":"","context":"Article similaire","img":{"alt_text":"","src":"","width":0,"height":0},"classes":[]},{"id":150,"url":"https:\/\/fort-mahon-plage-collections.com\/index.php\/les-collections\/les-pins\/","url_meta":{"origin":9,"position":5},"title":"Les Pin&rsquo;s de Fort-Mahon-Plage","date":"13 avril 2017","format":false,"excerpt":"Un pin's, ou une \u00e9pinglette, est un petit insigne ( souvent m\u00e9tallique ) qui se fixe sur un v\u00eatement, \u00e0 l\u2019aide d\u2019un pic qui traverse le tissu et est bloqu\u00e9 \u00e0 l\u2019arri\u00e8re par un \u00ab papillon \u00bb.\u00a0Il servait de communication aux grandes soci\u00e9t\u00e9s, m\u00e9dias, commerces, associations, etc\u2026 et devint tr\u00e8s\u2026","rel":"","context":"Article similaire","img":{"alt_text":"","src":"","width":0,"height":0},"classes":[]}],"_links":{"self":[{"href":"https:\/\/fort-mahon-plage-collections.com\/index.php\/wp-json\/wp\/v2\/pages\/9"}],"collection":[{"href":"https:\/\/fort-mahon-plage-collections.com\/index.php\/wp-json\/wp\/v2\/pages"}],"about":[{"href":"https:\/\/fort-mahon-plage-collections.com\/index.php\/wp-json\/wp\/v2\/types\/page"}],"author":[{"embeddable":true,"href":"https:\/\/fort-mahon-plage-collections.com\/index.php\/wp-json\/wp\/v2\/users\/1"}],"replies":[{"embeddable":true,"href":"https:\/\/fort-mahon-plage-collections.com\/index.php\/wp-json\/wp\/v2\/comments?post=9"}],"version-history":[{"count":10,"href":"https:\/\/fort-mahon-plage-collections.com\/index.php\/wp-json\/wp\/v2\/pages\/9\/revisions"}],"predecessor-version":[{"id":641,"href":"https:\/\/fort-mahon-plage-collections.com\/index.php\/wp-json\/wp\/v2\/pages\/9\/revisions\/641"}],"wp:attachment":[{"href":"https:\/\/fort-mahon-plage-collections.com\/index.php\/wp-json\/wp\/v2\/media?parent=9"}],"curies":[{"name":"wp","href":"https:\/\/api.w.org\/{rel}","templated":true}]}}